
-9
Let d(u) = 2*u - 8. Suppose 5*l + 3*j = 2, -4*l - l + 6 = -j. Let s be (15/(-10))/l - (-22)/4. Give d(s).
0
Let b(v) = 2*v + 30. Suppose -57 = 4*f + 3. Determine b(f).
0
Let u(o) be the third derivative of -7/6*o**3 + 1/12*o**4 - 1/10*o**5 + 0 + 18*o**2 + 0*o + 1/120*o**6. What is u(6)?
5
Suppose -27 = -5*c + l - 3, -2*l - 4 = c. Suppose 5*n - 8 = 4*w + 2*n, 2*w - 4*n + c = 0. Let a be (-22)/(-4) + (-1)/w. Let h(t) = -t + 11. Calculate h(a).
5
Let a(x) = -x. Let m(w) = 2*w. Let r(j) = 5*a(j) + 3*m(j). Suppose -4 = -3*l + 8. Let i(z) = -z - 1. Let b be i(l). Determine r(b).
-5
Let m be 12/(-2) + (-1)/(14/(-84)). Let i(w) be the second derivative of 1/6*w**3 + 5*w + 1/2*w**2 + m. What is i(3)?
4
Suppose 5*i - 5*a + 70 = 2*i, -4*i + 4*a = 104. Let h = i + 36. Let m(n) = -n**3 + 7*n**2 - 5*n - 8. Give m(h).
-2
Let u(r) be the first derivative of 0*r**2 + 5 - 1/3*r**3 + 2*r. Give u(0).
2
Let p(k) = -k**2 - 11*k + 2. Let m be (-9)/1 - (70 - 71). Determine p(m).
26
Let i(v) be the first derivative of v**3/3 + 4*v**2 + 10*v + 602. What is i(-5)?
-5
Let f(a) be the first derivative of -a**3/3 - a**2/2 - 20*a + 513. Let m be 0*(2/(-4) + 1). Determine f(m).
-20
Let i(w) = -72*w - 5. Let d be i(0). Let q(r) = r**3 + 6*r**2 + 2*r - 3. Give q(d).
12
Let o(u) = -u + 4. Let q be -1*(-13 - (2 + -1)). Let g = 14 - q. Determine o(g).
4
Let d(j) = j**3 + 7*j**2 - 10. Let g(b) = -2*b**3 - 15*b**2 + 3*b + 21. Let l(x) = -5*d(x) - 3*g(x). What is l(-11)?
-35
Let h(m) be the second derivative of -m**5/20 + 5*m**4/12 - 2*m**3/3 + 3*m**2/2 + 49*m. Calculate h(2).
7
Let b(w) = -5*w**3 + 8*w**2 + 2*w + 1. Let m(k) = 12*k**3 - 18*k**2 - 5*k - 3. Let s(d) = 7*b(d) + 3*m(d). Give s(-2).
0
Let r(w) = -19*w - 1. Let t(q) = 14*q + 1. Let f(v) = 3*r(v) + 4*t(v). Calculate f(-7).
8
Let v = 123 + -72. Suppose 49 - v = -o. Let l(u) = u**3 - 2*u**2 + 2*u - 2. What is l(o)?
2
Let o(y) = y**3 - 9*y**2 + 3*y - 22. Suppose 45 = -4*x + 9*x. Determine o(x).
5
Suppose -3*k = -7*k. Let c(r) = k - 1 - r + 2. Suppose 4*d - 4*l + 4 = 0, 0 = 3*d - 5*l - 1. Give c(d).
4
Let u(d) = -4*d**3 - 9*d**2 - 2*d - 14. Let b(r) = -7*r**3 - 17*r**2 - 27. Let f(k) = -3*b(k) + 5*u(k). Calculate f(-8).
-37
Let k = -393 + 407. Let u(q) = q**2 - 14*q - 8. What is u(k)?
-8
Suppose c - p + 7 = 11, -4*c + 21 = -5*p. Let g(k) = k + 2. Determine g(c).
1
Let n = -21 - -21. Suppose n = 4*c - 12, c + 0 + 2 = 5*t. Suppose -9 - t = 5*g. Let w(h) = 3*h**2 + 3*h + 3. Determine w(g).
9
Let w(k) = -3*k + 17*k + 2*k**2 - 13*k. Suppose 12 = -2*r - 4*p, r + 5*p + 14 = -2*r. What is w(r)?
10
Let m = 1098 - 1105. Let x(u) = u**3 + 6*u**2 - 9*u - 8. What is x(m)?
6
Let c(d) = -3*d**2 + 7*d + 6*d**2 + 474 + 2*d - 481. Let q(t) be the first derivative of -t**3/3 - t**2/2 + t + 2. Let o(h) = -c(h) - 4*q(h). Calculate o(2).
-3
Suppose i = -3*b + 20, 3*i + 25 = 8*i. Let k(y) = 6*y**2 + 4*y + 3. Let o(l) = 13*l**2 + 7*l + 5. Let t(r) = b*k(r) - 3*o(r). Give t(1).
-10
Let v(h) = -h - 4. Let f(b) = -3*b + 0 - 4 + 0 - 3. Let u(l) = -2*f(l) + 5*v(l). Let j(p) = 5*p - 29. Let r(k) = 2*j(k) - 11*u(k). What is r(4)?
4
Let t(v) = 1. Let o be (2/(-5))/((-6)/15)*1. Let s(d) = d + 5. Let p(h) = o*s(h) - t(h). Suppose -4*z + 2*z + 2*u + 2 = 0, -2*u - 14 = 2*z. What is p(z)?
1
Let p(m) be the first derivative of 3 - 1/2*m**2 + 7*m. Let f(a) = -a - 11. Let q be f(-6). What is p(q)?
12
Let m(g) = -6*g + 2*g - g**3 + 4*g. Let c be 7/(-14) - (-3)/2. Suppose 3 = -4*z - c. Determine m(z).
1
Let u(s) = -34*s**3 - 2*s - 1. Suppose -4*y - 13 = i, -2*y = -4*i + 3*y + 11. Give u(i).
35
Let h(o) = 13*o**3 + 1. Let z = 207 - 206. Give h(z).
14
Let h(l) be the third derivative of l**6/120 - l**5/10 - 7*l**4/24 - 7*l**3/6 + 76*l**2. Let i be (-2)/(-12) - (-369)/54. Determine h(i).
-7
Let b(v) = -v**3 - 3*v**2 + v - 8. Let o be b(-4). Let t(q) = q**3 - 4*q**2 - 2*q + 2. Let z be t(o). Let i(n) = -4*n - 8. What is i(z)?
16
Let y(c) = 6*c - 3*c**2 + 236 + 2*c - 237 + 2*c**2. Suppose -4*n - r + 0*r = -29, 5*r - 26 = -3*n. Determine y(n).
6
Let a(l) be the third derivative of -l**8/20160 - l**7/5040 + l**6/360 - 11*l**5/30 + 13*l**2 - 2*l. Let v(j) be the third derivative of a(j). Determine v(-2).
0
Let b(a) be the second derivative of -a**3/6 - a**2/2 + 44*a. Give b(5).
-6
Let q(i) = -6 - 10*i - 11*i + 18*i. Let x(l) be the third derivative of -l**4/12 - 2*l**3/3 + l**2. Let j(y) = 5*q(y) - 7*x(y). Give j(-3).
1
Let o(p) = 4*p**3 + p**2. Let i be o(-1). Let n be i/(-12) + (-52)/16. Let h(l) = -2*l**2 - 3*l + 4. Determine h(n).
-5
Let u = -331 - -328. Let c(t) = -t**3 - 4*t**2 - t + 3. Give c(u).
-3
Let s(z) = -5*z + 2. Let y(m) = 2*m**2 + 16*m + 4. Let b be y(-8). Let a(f) = 6*f - 3. Let j(d) = b*a(d) + 5*s(d). What is j(-5)?
3
Suppose 2*z + 57*h - 8 = 60*h, 0 = h. Let p(v) = v**2 - 7*v + 8. Give p(z).
-4
Let t(i) = -i**3 + 2*i**2 - 1. Suppose -23*u = -u - 22. What is t(u)?
0
Let u(a) = 75 + 3*a + 7*a - 14*a - 92. Calculate u(-6).
7
Let a(i) = -3*i**3 + 2*i + 1. Let q(v) = v**2 + 8*v + 18. Let x be q(-6). Suppose -x*y + 7*y = 24. Let s = 23 - y. Give a(s).
2
Let q(k) = k**3 - 6*k + 3. Suppose -291 = -11*c - 324. What is q(c)?
-6
Let f(q) = 23*q - 1. Suppose 20*m - 37 = -17. Give f(m).
22
Suppose -3*f - 5 = 4*x - 2, 2*f - 4*x + 2 = 0. Let q be -8*(1 - 2) - f. Let j(l) = l**2 - 9*l - 6. Give j(q).
-6
Let n be 3*(-7)/(-37 - -16). Let y(r) = -4 + 3 + r + 10*r. What is y(n)?
10
Let j = 490 - 496. Let o(z) = -z**2 - 6*z. Calculate o(j).
0
Let m(l) = l - 15. Suppose -15*j = -20*j + 65. What is m(j)?
-2
Suppose 3*c + 0 = 12. Suppose 2*h + 2*b = -2*h + c, 5*h - 2*b = 14. Suppose 14 = 3*j - h*g - 6, 3*g = -5*j + 27. Let y(d) = -d**2 + 4*d + 2. Calculate y(j).
-10
Let s be (56/7)/(-1) - -7. Let d(n) = 3*n**2 - 1 + 3*n - 3*n + 5*n**2. What is d(s)?
7
Let i(s) be the first derivative of s**6/120 - s**4/6 - s**3/2 + 2*s**2 - 21. Let g(t) be the second derivative of i(t). Calculate g(-2).
-3
Let n = 31 + -26. Let l(f) = 4*f - 11. Let o be l(n). Let g(i) = i**2 - 10*i + 13. Determine g(o).
4
Let s(p) = p**3 - 5*p**2 + 6*p - 6. Let q be 1/(-2) + (-5 - (-628)/(-8)). Let v = 88 + q. Determine s(v).
2
Let j(n) = -n**3 - 11*n**2 - 9*n + 1. Let h be 8*(5 + 275/(-44)). What is j(h)?
-9
Let f(k) = -k**3 + 2*k**2. Let q(r) = r**2 + 2*r - 13. Let b be q(9). Let w = b + -126. Let m be (w/50)/(2/(-5)). What is f(m)?
0
Let n(j) be the first derivative of -3*j**2/2 + 6*j - 99. Let o(x) be the second derivative of x**2/2 - x. Let s(c) = n(c) - 5*o(c). Calculate s(3).
-8
Let s(i) = 2*i**2 - 3*i - 4. Let w(p) = p**2 - 3. Let q(n) = -2*s(n) + 3*w(n). Give q(5).
4
Let m(d) = d**3 - d**2 + 1. Let w = 106 + -106. Suppose -4*s + 5*x - 25 = w, 6*x - 10 = -5*s + 4*x. Determine m(s).
1
Suppose 4*p + 15 = -5*a, 23*p - a - 3 = 26*p. Let r(f) be the second derivative of 0 + 1/6*f**3 + p*f**2 + 5*f. Give r(-4).
-4
Let i(r) be the third derivative of r**5/60 + r**4/8 - r**3/3 - 222*r**2. Determine i(5).
38
Suppose 2*z = -1 + 11. Let n(d) = -z*d + 0*d**2 - 3*d**2 - 4 + 4*d**2. What is n(6)?
2
Let r(z) = 6*z**3 - 2*z**2 + 1. Let i(w) = -w**2 + 18*w - 16. Let n be i(17). Give r(n).
5
Let n = 68 + -59. Let c(k) = -k**2 + 10*k - 5. Calculate c(n).
4
Let r(t) = t. Let y(h) = 7*h - 2. Let n(m) = 6*r(m) - y(m). Calculate n(2).
0
Let g(s) = -5*s - 16. Let b(j) = 3*j + 18. Let a(v) = 3*b(v) + 2*g(v). What is a(15)?
7
Let l(s) = 4 + s**3 - 237*s**2 + 236*s**2 + 6 + 4*s. What is l(0)?
10
Suppose 4 = 4*q + 5*c - 2, 3*c - 7 = q. Let r be (q*2)/(2/(-13)). Let n = r + -12. Let m(y) = -2*y + 1. What is m(n)?
-1
Let p(m) = 2*m**2 + 2*m - 1. Suppose 15 = -5*z, -4*a - 3*z - 1 = -0. Suppose a = -5*i - 8. Determine p(i).
3
Let i(z) be the first derivative of z**4/4 - 2*z**3 - 10*z - 256. Determine i(7).
39
Let l(k) = k**3 + 16*k**2 + 17*k + 3. Let w(z) = -z**3 - 14*z**2 - 15*z - 3. Let o(c) = -5*l(c) - 6*w(c). Determine o(-3).
-3
Let c(g) = -18*g - 17. Let y(j) = 24*j + 17. Let k(r) = -5*c(r) - 4*y(r). Calculate k(4).
-7
Let h = 4 - 8. Let j(x) = -58 - 3*x - 50 - 69 + 175. Calculate j(h).
10
Let i(b) = -3*b**2 - 2*b + 8. Let o(k) = k**2 + k - 3. Let h(f) = 6*i(f) + 17*o(f). Let s be (-2)/(-13) - (-3150)/650. Determine h(s).
-3
Let d(b) = b**3 + 6*b**2 - 2*b + 1. Let i = -22 - -16. Give d(i).
13
Let j(n) be the first derivati